{"id":11,"date":"2016-03-28T21:03:08","date_gmt":"2016-03-28T21:03:08","guid":{"rendered":"http:\/\/anubisquaw.it\/wordpress\/?page_id=11"},"modified":"2025-11-23T10:05:04","modified_gmt":"2025-11-23T10:05:04","slug":"home","status":"publish","type":"page","link":"http:\/\/anubisquaw.it\/benvenuto\/","title":{"rendered":"Benvenuto!"},"content":{"rendered":"<h3 style=\"text-align: center;\">Benvenuti nel Regno di <a>AnubiSquaw<\/a>, dove Sogno e Magia si fondono in una perfetta sintesi capace di dare<br \/>\nEmozione.<\/h3>\n<h2 style=\"text-align: center;\"><a>Il Teatro \u00e8 la nostra vita&#8230;<br \/>\n&#8230;divertire \u00e8 il nostro intento!<\/a><\/h2>\n<h3 style=\"text-align: center;\">Il nostro slogan \u00e8 <a>&#8220;Coltiviamo Sogni&#8221;<\/a>, perch\u00e9 cerchiamo di stare sempre un passo oltre la realt\u00e0.<\/h3>\n<h3 style=\"text-align: center;\">E, a quanto pare, al nostro Pubblico questo piace.<\/h3>\n<p style=\"text-align: center;\"><img loading=\"lazy\" class=\"aligncenter wp-image-456\" src=\"http:\/\/anubisquaw.it\/wordpress\/wp-content\/uploads\/2016\/03\/12507112_10153139564711082_2019840074221455426_n.jpg\" width=\"500\" height=\"558\" srcset=\"http:\/\/anubisquaw.it\/benvenuto\/wp-content\/uploads\/2016\/03\/12507112_10153139564711082_2019840074221455426_n.jpg 743w, http:\/\/anubisquaw.it\/benvenuto\/wp-content\/uploads\/2016\/03\/12507112_10153139564711082_2019840074221455426_n-269x300.jpg 269w\" sizes=\"(max-width: 500px) 100vw, 500px\" \/><\/p>\n","protected":false},"excerpt":{"rendered":"<p>Benvenuti nel Regno di AnubiSquaw, dove Sogno e Magia si fondono in una perfetta sintesi capace di dare Emozione. Il Teatro \u00e8 la nostra vita&#8230; &#8230;divertire \u00e8 il nostro intento! Il nostro slogan \u00e8&#46;&#46;&#46;<\/p>\n","protected":false},"author":1,"featured_media":0,"parent":0,"menu_order":0,"comment_status":"closed","ping_status":"closed","template":"","meta":[],"_links":{"self":[{"href":"http:\/\/anubisquaw.it\/benvenuto\/wp-json\/wp\/v2\/pages\/11"}],"collection":[{"href":"http:\/\/anubisquaw.it\/benvenuto\/wp-json\/wp\/v2\/pages"}],"about":[{"href":"http:\/\/anubisquaw.it\/benvenuto\/wp-json\/wp\/v2\/types\/page"}],"author":[{"embeddable":true,"href":"http:\/\/anubisquaw.it\/benvenuto\/wp-json\/wp\/v2\/users\/1"}],"replies":[{"embeddable":true,"href":"http:\/\/anubisquaw.it\/benvenuto\/wp-json\/wp\/v2\/comments?post=11"}],"version-history":[{"count":15,"href":"http:\/\/anubisquaw.it\/benvenuto\/wp-json\/wp\/v2\/pages\/11\/revisions"}],"predecessor-version":[{"id":2337,"href":"http:\/\/anubisquaw.it\/benvenuto\/wp-json\/wp\/v2\/pages\/11\/revisions\/2337"}],"wp:attachment":[{"href":"http:\/\/anubisquaw.it\/benvenuto\/wp-json\/wp\/v2\/media?parent=11"}],"curies":[{"name":"wp","href":"https:\/\/api.w.org\/{rel}","templated":true}]}}